{"id":117,"date":"2021-02-20T14:59:38","date_gmt":"2021-02-20T14:59:38","guid":{"rendered":"https:\/\/jjns.fi\/?page_id=117"},"modified":"2021-03-14T14:05:20","modified_gmt":"2021-03-14T14:05:20","slug":"etu","status":"publish","type":"page","link":"https:\/\/jjns.fi\/","title":{"rendered":"etu"},"content":{"rendered":"\t\t<div data-elementor-type=\"wp-page\" data-elementor-id=\"117\" class=\"elementor elementor-117\">\n\t\t\t\t\t\t<section class=\"elementor-section elementor-top-section elementor-element elementor-element-f637159 elementor-section-full_width elementor-section-height-default elementor-section-height-default\" data-id=\"f637159\" data-element_type=\"section\" data-settings=\"{&quot;background_background&quot;:&quot;classic&quot;,&quot;background_motion_fx_motion_fx_scrolling&quot;:&quot;yes&quot;,&quot;background_motion_fx_opacity_effect&quot;:&quot;yes&quot;,&quot;background_motion_fx_opacity_range&quot;:{&quot;unit&quot;:&quot;%&quot;,&quot;size&quot;:&quot;&quot;,&quot;sizes&quot;:{&quot;start&quot;:0,&quot;end&quot;:100}},&quot;background_motion_fx_opacity_direction&quot;:&quot;in-out-in&quot;,&quot;background_motion_fx_opacity_level&quot;:{&quot;unit&quot;:&quot;px&quot;,&quot;size&quot;:6,&quot;sizes&quot;:[]},&quot;background_motion_fx_devices&quot;:[&quot;desktop&quot;,&quot;tablet&quot;,&quot;mobile&quot;]}\">\n\t\t\t\t\t\t<div class=\"elementor-container elementor-column-gap-custom\">\n\t\t\t\t\t<div class=\"elementor-column elementor-col-50 elementor-top-column elementor-element elementor-element-f2484ea\" data-id=\"f2484ea\" data-element_type=\"column\">\n\t\t\t<div class=\"elementor-widget-wrap elementor-element-populated\">\n\t\t\t\t\t\t<div class=\"elementor-element elementor-element-a7ca833 elementor-widget elementor-widget-image\" data-id=\"a7ca833\" data-element_type=\"widget\" data-widget_type=\"image.default\">\n\t\t\t\t<div class=\"elementor-widget-container\">\n\t\t\t\t\t\t\t\t\t\t\t\t\t\t\t<img fetchpriority=\"high\" decoding=\"async\" width=\"768\" height=\"374\" src=\"https:\/\/jjns.fi\/wp-content\/uploads\/2021\/03\/jjns_talo-768x374.png\" class=\"attachment-medium_large size-medium_large wp-image-131\" alt=\"\" srcset=\"https:\/\/jjns.fi\/wp-content\/uploads\/2021\/03\/jjns_talo-768x374.png 768w, https:\/\/jjns.fi\/wp-content\/uploads\/2021\/03\/jjns_talo-300x146.png 300w, https:\/\/jjns.fi\/wp-content\/uploads\/2021\/03\/jjns_talo-1024x498.png 1024w, https:\/\/jjns.fi\/wp-content\/uploads\/2021\/03\/jjns_talo.png 1523w\" sizes=\"(max-width: 768px) 100vw, 768px\" \/>\t\t\t\t\t\t\t\t\t\t\t\t\t\t\t<\/div>\n\t\t\t\t<\/div>\n\t\t\t\t\t<\/div>\n\t\t<\/div>\n\t\t\t\t<div class=\"elementor-column elementor-col-50 elementor-top-column elementor-element elementor-element-cbf4bf9\" data-id=\"cbf4bf9\" data-element_type=\"column\">\n\t\t\t<div class=\"elementor-widget-wrap elementor-element-populated\">\n\t\t\t\t\t\t<div class=\"elementor-element elementor-element-aab2c7d elementor-widget elementor-widget-text-editor\" data-id=\"aab2c7d\" data-element_type=\"widget\" data-widget_type=\"text-editor.default\">\n\t\t\t\t<div class=\"elementor-widget-container\">\n\t\t\t\t\t\t\t\t\t<h2><strong>Jurvan J\u00e4rvenp\u00e4\u00e4n Nuoriseura on perustettu1914.<br> Nykyinen nuorisoseurantalo on valmistunut 1950-luvulla.<br> Taloa on remontoitu 1980-luvun lopulta 1990-luvun puoleen v\u00e4liin.<\/strong><\/h2>\t\t\t\t\t\t\t\t<\/div>\n\t\t\t\t<\/div>\n\t\t\t\t\t<\/div>\n\t\t<\/div>\n\t\t\t\t\t<\/div>\n\t\t<\/section>\n\t\t\t\t<section class=\"elementor-section elementor-top-section elementor-element elementor-element-b51792e elementor-section-full_width elementor-section-height-default elementor-section-height-default\" data-id=\"b51792e\" data-element_type=\"section\" data-settings=\"{&quot;background_background&quot;:&quot;classic&quot;,&quot;background_motion_fx_motion_fx_scrolling&quot;:&quot;yes&quot;,&quot;background_motion_fx_opacity_effect&quot;:&quot;yes&quot;,&quot;background_motion_fx_opacity_range&quot;:{&quot;unit&quot;:&quot;%&quot;,&quot;size&quot;:&quot;&quot;,&quot;sizes&quot;:{&quot;start&quot;:0,&quot;end&quot;:100}},&quot;background_motion_fx_opacity_direction&quot;:&quot;in-out-in&quot;,&quot;background_motion_fx_opacity_level&quot;:{&quot;unit&quot;:&quot;px&quot;,&quot;size&quot;:6,&quot;sizes&quot;:[]},&quot;background_motion_fx_devices&quot;:[&quot;desktop&quot;,&quot;tablet&quot;,&quot;mobile&quot;]}\">\n\t\t\t\t\t\t<div class=\"elementor-container elementor-column-gap-custom\">\n\t\t\t\t\t<div class=\"elementor-column elementor-col-50 elementor-top-column elementor-element elementor-element-9898a75\" data-id=\"9898a75\" data-element_type=\"column\">\n\t\t\t<div class=\"elementor-widget-wrap elementor-element-populated\">\n\t\t\t\t\t\t<div class=\"elementor-element elementor-element-449de29 elementor-widget elementor-widget-text-editor\" data-id=\"449de29\" data-element_type=\"widget\" data-widget_type=\"text-editor.default\">\n\t\t\t\t<div class=\"elementor-widget-container\">\n\t\t\t\t\t\t\t\t\t<h2><strong>Nuorisoseuran talossa on j\u00e4rjestetty erilaisia tilaisuuksia vuosien varrella:<br \/>syntym\u00e4p\u00e4ivi\u00e4, h\u00e4it\u00e4, ruokailuja,konsertteja, iltamia, kinkereit\u00e4, tansseja, karaoketansseja, koiran\u00e4yttelyit\u00e4 ja n\u00e4ytelmi\u00e4.<\/strong><\/h2><div><strong>\u00a0<\/strong><\/div>\t\t\t\t\t\t\t\t<\/div>\n\t\t\t\t<\/div>\n\t\t\t\t<div class=\"elementor-element elementor-element-add8848 elementor-button-success elementor-align-center elementor-widget elementor-widget-button\" data-id=\"add8848\" data-element_type=\"widget\" data-widget_type=\"button.default\">\n\t\t\t\t<div class=\"elementor-widget-container\">\n\t\t\t\t\t\t\t\t\t<div class=\"elementor-button-wrapper\">\n\t\t\t\t\t<a class=\"elementor-button elementor-button-link elementor-size-sm\" href=\"http:\/\/www.jjns.fi\/?page_id=168\">\n\t\t\t\t\t\t<span class=\"elementor-button-content-wrapper\">\n\t\t\t\t\t\t\t\t\t<span class=\"elementor-button-text\">Tiedustele vuokrausta<\/span>\n\t\t\t\t\t<\/span>\n\t\t\t\t\t<\/a>\n\t\t\t\t<\/div>\n\t\t\t\t\t\t\t\t<\/div>\n\t\t\t\t<\/div>\n\t\t\t\t\t<\/div>\n\t\t<\/div>\n\t\t\t\t<div class=\"elementor-column elementor-col-50 elementor-top-column elementor-element elementor-element-444f314\" data-id=\"444f314\" data-element_type=\"column\">\n\t\t\t<div class=\"elementor-widget-wrap elementor-element-populated\">\n\t\t\t\t\t\t<div class=\"elementor-element elementor-element-7e7074a elementor-widget elementor-widget-image\" data-id=\"7e7074a\" data-element_type=\"widget\" data-widget_type=\"image.default\">\n\t\t\t\t<div class=\"elementor-widget-container\">\n\t\t\t\t\t\t\t\t\t\t\t\t\t\t\t<img decoding=\"async\" width=\"768\" height=\"516\" src=\"https:\/\/jjns.fi\/wp-content\/uploads\/2021\/03\/sali3-768x516.jpg\" class=\"attachment-medium_large size-medium_large wp-image-126\" alt=\"\" srcset=\"https:\/\/jjns.fi\/wp-content\/uploads\/2021\/03\/sali3-768x516.jpg 768w, https:\/\/jjns.fi\/wp-content\/uploads\/2021\/03\/sali3-300x201.jpg 300w, https:\/\/jjns.fi\/wp-content\/uploads\/2021\/03\/sali3-1024x687.jpg 1024w, https:\/\/jjns.fi\/wp-content\/uploads\/2021\/03\/sali3-1536x1031.jpg 1536w, https:\/\/jjns.fi\/wp-content\/uploads\/2021\/03\/sali3-2048x1375.jpg 2048w\" sizes=\"(max-width: 768px) 100vw, 768px\" \/>\t\t\t\t\t\t\t\t\t\t\t\t\t\t\t<\/div>\n\t\t\t\t<\/div>\n\t\t\t\t\t<\/div>\n\t\t<\/div>\n\t\t\t\t\t<\/div>\n\t\t<\/section>\n\t\t\t\t<section class=\"elementor-section elementor-top-section elementor-element elementor-element-6db217e elementor-section-full_width elementor-section-height-default elementor-section-height-default\" data-id=\"6db217e\" data-element_type=\"section\" data-settings=\"{&quot;background_background&quot;:&quot;classic&quot;,&quot;background_motion_fx_motion_fx_scrolling&quot;:&quot;yes&quot;,&quot;background_motion_fx_opacity_effect&quot;:&quot;yes&quot;,&quot;background_motion_fx_opacity_range&quot;:{&quot;unit&quot;:&quot;%&quot;,&quot;size&quot;:&quot;&quot;,&quot;sizes&quot;:{&quot;start&quot;:0,&quot;end&quot;:100}},&quot;background_motion_fx_opacity_direction&quot;:&quot;in-out-in&quot;,&quot;background_motion_fx_opacity_level&quot;:{&quot;unit&quot;:&quot;px&quot;,&quot;size&quot;:6,&quot;sizes&quot;:[]},&quot;background_motion_fx_devices&quot;:[&quot;desktop&quot;,&quot;tablet&quot;,&quot;mobile&quot;]}\">\n\t\t\t\t\t\t<div class=\"elementor-container elementor-column-gap-custom\">\n\t\t\t\t\t<div class=\"elementor-column elementor-col-50 elementor-top-column elementor-element elementor-element-20ac771\" data-id=\"20ac771\" data-element_type=\"column\">\n\t\t\t<div class=\"elementor-widget-wrap elementor-element-populated\">\n\t\t\t\t\t\t<div class=\"elementor-element elementor-element-0be7d88 elementor-widget elementor-widget-image\" data-id=\"0be7d88\" data-element_type=\"widget\" data-widget_type=\"image.default\">\n\t\t\t\t<div class=\"elementor-widget-container\">\n\t\t\t\t\t\t\t\t\t\t\t\t\t\t\t<img decoding=\"async\" width=\"2560\" height=\"1705\" src=\"https:\/\/jjns.fi\/wp-content\/uploads\/2021\/03\/sali4-scaled.jpg\" class=\"attachment-full size-full wp-image-127\" alt=\"\" srcset=\"https:\/\/jjns.fi\/wp-content\/uploads\/2021\/03\/sali4-scaled.jpg 2560w, https:\/\/jjns.fi\/wp-content\/uploads\/2021\/03\/sali4-300x200.jpg 300w, https:\/\/jjns.fi\/wp-content\/uploads\/2021\/03\/sali4-1024x682.jpg 1024w, https:\/\/jjns.fi\/wp-content\/uploads\/2021\/03\/sali4-768x512.jpg 768w, https:\/\/jjns.fi\/wp-content\/uploads\/2021\/03\/sali4-1536x1023.jpg 1536w, https:\/\/jjns.fi\/wp-content\/uploads\/2021\/03\/sali4-2048x1364.jpg 2048w\" sizes=\"(max-width: 2560px) 100vw, 2560px\" \/>\t\t\t\t\t\t\t\t\t\t\t\t\t\t\t<\/div>\n\t\t\t\t<\/div>\n\t\t\t\t\t<\/div>\n\t\t<\/div>\n\t\t\t\t<div class=\"elementor-column elementor-col-50 elementor-top-column elementor-element elementor-element-87722d5\" data-id=\"87722d5\" data-element_type=\"column\">\n\t\t\t<div class=\"elementor-widget-wrap elementor-element-populated\">\n\t\t\t\t\t\t<div class=\"elementor-element elementor-element-9d59102 elementor-widget elementor-widget-text-editor\" data-id=\"9d59102\" data-element_type=\"widget\" data-widget_type=\"text-editor.default\">\n\t\t\t\t<div class=\"elementor-widget-container\">\n\t\t\t\t\t\t\t\t\t<h3><strong>Talon suurin tila on sali, 140 m\u00b2.<br> Salin pohjoisp\u00e4\u00e4ss\u00e4 on iso n\u00e4ytt\u00e4m\u00f6 (70 m\u00b2), josta on p\u00e4\u00e4sy orkesterihuoneeseen (sis. wc ja suihku).<br> Salista ja eteisest\u00e4 p\u00e4\u00e4see ravintolatilaan (60 m\u00b2), jossa on noin 60 istumapaikkaa.<br> Ravintolasta ja suoraan ulkoa on p\u00e4\u00e4sy keitti\u00f6\u00f6n, joka on nykyaikaisesti varusteltu.<br> Talossa on lis\u00e4p\u00f6yti\u00e4 ja -tuoleja runsaasti. Sallittu kokonaishenkil\u00f6m\u00e4\u00e4r\u00e4 on noin 500 henkil\u00f6\u00e4, kerralla talossa mahtuu sy\u00f6m\u00e4\u00e4n istumapaikoilla 240 henkil\u00f6\u00e4.<br> Pihassa on runsaasti pys\u00e4k\u00f6intitilaa ja my\u00f6s kiikut ja karuselli lapsille.<\/strong><\/h3>\t\t\t\t\t\t\t\t<\/div>\n\t\t\t\t<\/div>\n\t\t\t\t\t<\/div>\n\t\t<\/div>\n\t\t\t\t\t<\/div>\n\t\t<\/section>\n\t\t\t\t<\/div>\n\t\t","protected":false},"excerpt":{"rendered":"<p>Jurvan J\u00e4rvenp\u00e4\u00e4n Nuoriseura on perustettu1914. Nykyinen nuorisoseurantalo on valmistunut 1950-luvulla. Taloa on remontoitu 1980-luvun lopulta 1990-luvun puoleen v\u00e4liin. Nuorisoseuran talossa on j\u00e4rjestetty erilaisia tilaisuuksia vuosien varrella:syntym\u00e4p\u00e4ivi\u00e4, h\u00e4it\u00e4, ruokailuja,konsertteja, iltamia, kinkereit\u00e4, tansseja, karaoketansseja, koiran\u00e4yttelyit\u00e4 ja n\u00e4ytelmi\u00e4. \u00a0 Tiedustele vuokrausta Talon suurin tila on sali, 140 m\u00b2. Salin pohjoisp\u00e4\u00e4ss\u00e4 on iso n\u00e4ytt\u00e4m\u00f6 (70 m\u00b2), josta on p\u00e4\u00e4sy [&hellip;]<\/p>\n","protected":false},"author":1,"featured_media":0,"parent":0,"menu_order":0,"comment_status":"closed","ping_status":"closed","template":"elementor_header_footer","meta":{"footnotes":""},"_links":{"self":[{"href":"https:\/\/jjns.fi\/index.php?rest_route=\/wp\/v2\/pages\/117"}],"collection":[{"href":"https:\/\/jjns.fi\/index.php?rest_route=\/wp\/v2\/pages"}],"about":[{"href":"https:\/\/jjns.fi\/index.php?rest_route=\/wp\/v2\/types\/page"}],"author":[{"embeddable":true,"href":"https:\/\/jjns.fi\/index.php?rest_route=\/wp\/v2\/users\/1"}],"replies":[{"embeddable":true,"href":"https:\/\/jjns.fi\/index.php?rest_route=%2Fwp%2Fv2%2Fcomments&post=117"}],"version-history":[{"count":46,"href":"https:\/\/jjns.fi\/index.php?rest_route=\/wp\/v2\/pages\/117\/revisions"}],"predecessor-version":[{"id":197,"href":"https:\/\/jjns.fi\/index.php?rest_route=\/wp\/v2\/pages\/117\/revisions\/197"}],"wp:attachment":[{"href":"https:\/\/jjns.fi\/index.php?rest_route=%2Fwp%2Fv2%2Fmedia&parent=117"}],"curies":[{"name":"wp","href":"https:\/\/api.w.org\/{rel}","templated":true}]}}